 of 216 and 48?
24
Calculate the greatest common factor of 164 and 287.
41
What is the greatest common factor of 450 and 850?
50
Calculate the highest common factor of 1040 and 3440.
80
What is the highest common factor of 7 and 56819?
7
What is the greatest common divisor of 4541 and 2151?
239
What is the greatest common factor of 159 and 24?
3
What is the highest common divisor of 3904 and 64?
64
Calculate the highest common divisor of 22 and 352.
22
Calculate the greatest common factor of 14 and 25018.
14
What is the greatest common factor of 1414 and 56?
14
What is the highest common divisor of 91 and 403?
13
Calculate the highest common divisor of 639 and 45.
9
Calculate the greatest common divisor of 1513 and 89.
89
Calculate the greatest common factor of 60 and 156.
12
Calculate the highest common factor of 942 and 6.
6
What is the greatest common factor of 165 and 13310?
55
What is the highest common divisor of 33 and 187?
11
What is the greatest common divisor of 7 and 458?
1
Calculate the greatest common factor of 120 and 264.
24
Calculate the greatest common factor of 7310 and 340.
170
What is the highest common divisor of 1408 and 12?
4
What is the greatest common divisor of 1482 and 114?
114
What is the highest common factor of 11804 and 26?
26
What is the highest common divisor of 2378 and 656?
82
What is the greatest common divisor of 20234 and 134?
134
What is the greatest common factor of 65 and 5135?
65
Calculate the highest common divisor of 24 and 35436.
12
Calculate the highest common divisor of 336 and 7140.
84
What is the greatest common divisor of 170 and 90?
10
Calculate the highest common divisor of 2275 and 15600.
325
Calculate the highest common factor of 13 and 15509.
13
What is the greatest common divisor of 12 and 276?
12
Calculate the highest common factor of 16 and 474.
2
What is the greatest common divisor of 130 and 70?
10
Calculate the greatest common factor of 1 and 137.
1
Calculate the greatest common divisor of 96 and 36.
12
What is the greatest common factor of 1509 and 3?
3
Calculate the highest common divisor of 46 and 3174.
46
Calculate the highest common factor of 624 and 546.
78
Calculate the highest common factor of 156 and 120.
12
Calculate the greatest common factor of 17 and 13991.
17
Calculate the greatest common factor of 1 and 1642.
1
Calculate the highest common divisor of 2499 and 459.
51
Calculate the greatest common divisor of 3500 and 7.
7
What is the greatest common divisor of 434 and 155?
31
Calculate the greatest common divisor of 20007 and 228.
57
What is the highest common factor of 4781 and 56?
7
What is the highest common divisor of 890 and 10?
10
Calculate the highest common divisor of 455 and 245.
35
What is the highest common divisor of 38 and 969?
19
What is the highest common factor of 218 and 545?
109
Calculate the greatest common factor of 7 and 287.
7
What is the highest common divisor of 225 and 2655?
45
Calculate the highest common divisor of 6 and 5374.
2
What is the highest common divisor of 18 and 1926?
18
What is the greatest common divisor of 720 and 10?
10
What is the highest common factor of 305 and 55?
5
What is the greatest common divisor of 3658 and 4?
2
What is the highest common factor of 252 and 56?
28
What is the highest common divisor of 225 and 595?
5
Calculate the highest common factor of 8 and 860.
4
Calculate the greatest common factor of 1081 and 46.
23
Calculate the greatest common factor of 1267 and 2353.
181
Calculate the greatest common divisor of 1260 and 108.
36
What is the highest common divisor of 8 and 192?
8
What is the highest common factor of 6627 and 94?
47
Calculate the highest common divisor of 3 and 57.
3
What is the highest common divisor of 850 and 119?
17
What is the highest common factor of 14 and 21?
7
What is the greatest common divisor of 2534 and 1448?
362
What is the highest common factor of 624 and 3792?
48
What is the greatest common factor of 45 and 15?
15
What is the greatest common divisor of 810 and 70?
10
What is the highest common divisor of 4 and 38?
2
What is the greatest common factor of 583 and 22?
11
Calculate the greatest common factor of 81 and 54.
27
Calculate the highest common divisor of 240 and 90.
30
What is the highest common factor of 20162 and 17?
17
What is the greatest common factor of 37 and 592?
37
Calculate the greatest common divisor of 153 and 27.
9
What is the highest common factor of 72 and 234?
18
Calculate the greatest common divisor of 1386 and 308.
154
What is the greatest common factor of 128 and 704?
64
What is the highest common factor of 18 and 1206?
18
Calculate the greatest common factor of 10 and 695.
5
What is the greatest common divisor of 95 and 38?
19
What is the greatest common factor of 48 and 13272?
24
What is the highest common divisor of 1777 and 1?
1
Calculate the highest common divisor of 4116 and 336.
84
What is the highest common divisor of 8 and 56?
8
What is the greatest common factor of 84240 and 16?
16
What is the greatest common factor of 550 and 121?
11
Calculate the highest common factor of 110 and 1010.
10
Calculate the greatest common divisor of 4 and 324.
4
Calculate the highest common divisor of 345 and 195.
15
Calculate the greatest common factor of 111 and 74.
37
Calculate the greatest common factor of 2899 and 26.
13
Calculate the greatest common factor of 41916 and 84.
84
What is the greatest common factor of 592 and 16?
16
What is the highest common factor of 10 and 12640?
10
Calculate the greatest common divisor of 5750 and 30.
10
What is the highest common divisor of 710 and 110?
10
What is the greatest common factor of 126 and 41517?
63
What is the greatest common factor of 103 and 12?
1
What is the greatest common divisor of 82 and 123?
41
What is the greatest common factor of 1420 and 20?
20
What is the greatest common divisor of 113 and 3?
1
Calculate the highest common divisor of 11 and 1133.
11
Calculate the greatest common divisor of 67 and 8777.
67
What is the highest common factor of 3 and 867?
3
What is the greatest common factor of 22 and 198?
22
What is the greatest common factor of 3 and 58?
1
Calculate the highest common factor of 245 and 95.
5
What is the greatest common factor of 90 and 410?
10
Calculate the greatest common divisor of 54 and 243.
27
What is the highest common factor of 1947 and 528?
33
Calculate the greatest common divisor of 392 and 140.
28
What is the highest common factor of 396 and 2706?
66
Calculate the highest common divisor of 60 and 4660.
20
Calculate the greatest common factor of 952 and 56.
56
Calculate the highest common factor of 88 and 858.
22
Calculate the highest common divisor of 12 and 88.
4
What is the greatest common factor of 182 and 70?
14
What is the greatest common divisor of 675 and 297?
27
What is the greatest common divisor of 1501 and 1140?
19
Calculate the greatest common divisor of 108 and 243.
27
Calculate the greatest common divisor of 10 and 10610.
10
Calculate the highest common divisor of 40 and 12560.
40
What is the greatest common divisor of 799 and 188?
47
What is the greatest common divisor of 14010 and 60?
30
Calculate the greatest common factor of 123 and 9.
3
Calculate the greatest common divisor of 768 and 84.
12
What is the greatest common factor of 126 and 2730?
42
What is the greatest common factor of 45 and 480?
15
Calculate the greatest common factor of 1332 and 9213.
111
What is the greatest common divisor of 17 and 11203?
17
What is the highest common divisor of 105 and 6657?
21
What is the highest common factor of 1939 and 8587?
277
Calculate the greatest common factor of 660 and 360.
60
Calculate the highest common divisor of 15 and 465.
15
What is the highest common divisor of 57 and 361?
19
Calculate the highest common divisor of 1804 and 738.
82
Calculate the greatest common factor of 150 and 15.
15
Calculate the greatest common factor of 7171 and 303.
101
What is the greatest common divisor of 5129 and 575?
23
What is the highest common factor of 150 and 175?
25
What is the greatest common factor of 406 and 261?
29
What is the greatest common factor of 117 and 12519?
117
What is the highest common divisor of 38 and 741?
19
Calculate the highest common factor of 1